ided by 7?
4
Calculate the remainder when 985 is divided by 3*(-1)/(-21) - (-2376)/126.
16
Suppose 0 = -3*p + 3*h - 8*h - 8, 2*p - 5*h = 28. Let n = 59 + -71. Let v = p - n. What is the remainder when v is divided by 9?
7
Suppose 2*d + 2*i - 69 + 15 = 0, 5*d + 4*i - 135 = 0. Suppose 0 = -w + v + 5, 5*v + 1 + 14 = 0. Calculate the remainder when d is divided by w.
1
Let a = -539 + 875. Calculate the remainder when a is divided by 19.
13
Let t(y) = y**2 - 9*y + 9. Let c be (1/(-2))/(6/(-156)). Suppose 4*u + 6*j = 3*j + 31, u = j + c. Calculate the remainder when t(u) is divided by 10.
9
Suppose 4*q = -3*l + 119, -18*l + 2*q = -17*l - 23. What is the remainder when 197 is divided by l?
32
Suppose 20*b = 23*b - 564. Calculate the remainder when (-1 + -8)/3*-17 is divided by (-5)/((-70)/b) - 24/56.
12
Let r(l) be the second derivative of 43*l**4/12 + l**3/2 - l**2 - 2*l. Calculate the remainder when r(1) is divided by 1 + 16 + 1 + -3.
14
Let h(b) = -b**2 + 2*b + 50. Let j be h(8). Suppose 0 = o + j, 3*k - 3*o = 3 + 12. What is the remainder when 37 is divided by k?
1
Suppose -3*r + 4*r + 857 = 4*l, 0 = 2*l - 4*r - 446. Calculate the remainder when l is divided by 36.
33
Suppose -23*z = -35*z + 216. Calculate the remainder when 41 is divided by z.
5
Suppose -6*p = -2*p - 4*n - 148, 2*p = 5*n + 59. Let r = -25 + p. Calculate the remainder when 83 is divided by r.
15
Let f(t) = -8*t + 38. What is the remainder when 33 is divided by f(4)?
3
Let a be (28/8 - 4)*-18. Suppose -3*f = -a*f + 12. What is the remainder when f is divided by 2?
0
Let l be 444/60 + (-2)/5. Suppose r - 14 = -l. Calculate the remainder when 33 is divided by r.
5
Let m = -5 - -1. Let c be (-34)/m - (-3)/(-6). Suppose c*x - x = 189. Calculate the remainder when x is divided by 7.
6
Let d(c) = c**3 + 9*c**2 - 7*c - 21. Suppose o + 62 + 4 = 3*r, 103 = 5*r - 4*o. What is the remainder when d(-5) is divided by r?
22
Let y = 0 - 23. Let b = -15 - y. Calculate the remainder when b is divided by 2.
0
Suppose 3*d - 43 = 4*v, 4*d = 4*v - 18 + 74. What is the remainder when 50 - 2 - 6/4*-2 is divided by d?
12
Suppose -2*m = 5*s - 478, 0*m = -2*s + m + 184. Suppose -2*w + 2*j - s = -4*w, 4*j = 5*w - 235. What is the remainder when w is divided by 14?
5
Let x(a) = 37*a + 58*a**2 + 6 - 1 - 120*a**2 + 61*a**2. Calculate the remainder when 2 + (-2 - -19*1) is divided by x(37).
4
Calculate the remainder when (-7)/((-63)/(-66))*-3 is divided by 9.
4
Suppose -6*q + 12*q = 12. Suppose 1 + 3 = -2*f, 3*m - 32 = -q*f. What is the remainder when (-23)/(-2)*1*4 is divided by m?
10
Let d be (5 + -1 - 0)/((-2)/4). Let o = 58 - d. What is the remainder when o is divided by 23?
20
Suppose 94 - 2 = 23*a. What is the remainder when 19 is divided by a?
3
Let i(n) = n + 4. Let w(g) = 2*g + 5. Let t(y) = -y + 1. Let k(v) = -5*t(v) - w(v). Let j be k(5). What is the remainder when i(j) is divided by 5?
4
Suppose -130 = 10*z - 230. Let k(a) = -a**3 - 5*a**2 - 5*a + 3. What is the remainder when k(-5) is divided by z?
8
Suppose 2*f = -f. Suppose -2*b - 2*b + 112 = f. Let s = -65 + 174. Calculate the remainder when s is divided by b.
25
Let s(u) = -u**3 + u**2 + 39*u - 10. Let z(p) = 13*p**2 + p. What is the remainder when s(6) is divided by z(-1)?
8
Suppose a - 11 = 5*l, a + 2*a - 33 = -l. Calculate the remainder when 0 - (-30 - (-1 + 1)) is divided by a.
8
Let c = -927 + 934. What is the remainder when 103 is divided by c?
5
Let r(o) = 12*o - 165. What is the remainder when 7 is divided by r(14)?
1
Let w be (0 - 74/(-6))*(15 - -3). Suppose -r - 3 = 0, -2*r + w = 2*a + 2*r. What is the remainder when a is divided by 15?
12
Suppose 2*h + 10 = 0, -4*k - 58 + 931 = 3*h. Let u be ((-8)/(-12))/(2/k). Suppose -u = -4*x + 118. What is the remainder when x is divided by 17?
14
Suppose 7*q - 11*q = 3*o - 196, -4*q = 20. Calculate the remainder when 281 is divided by o.
65
Let z = -205 - -364. Calculate the remainder when z is divided by 42.
33
Suppose 0 = 2*o - 3*c - 17, 4*c + 10 = 6*c. What is the remainder when 25 is divided by o?
9
Let d(k) = k**3 + 7*k**2 - 3*k - 1. Let s = 5 + -3. Suppose -4*v = s*z - 108, 0 = -0*z - 2*z + 4*v + 116. What is the remainder when z is divided by d(-7)?
16
Suppose -208*d + 216*d - 72 = 0. Let s(t) = -t**2 - 6*t + 6. Let g be s(-7). Let a(o) = -16*o + 1. Calculate the remainder when a(g) is divided by d.
8
Suppose 3*c = -2 + 8. Suppose 4*j - 96 = -w, -5*j = -6*j + c*w + 15. Calculate the remainder when 204 is divided by j.
20
Suppose 0 = 4*a + a + 2*r - 1582, -637 = -2*a - 5*r. Let m = a + -51. Suppose p = 6*p - m. What is the remainder when p is divided by 14?
11
Let r = 3 - 1. Let o = r + 3. Calculate the remainder when o is divided by 3.
2
Suppose 0 = 17*q - 72 - 115. Calculate the remainder when 96 is divided by q.
8
What is the remainder when 35 is divided by (-6)/(-4)*(280/24 + -9)?
3
Suppose -3*y - 110 - 46 = 0. Let n = y + 28. Let l = 41 + n. Calculate the remainder when 65 is divided by l.
14
Let d(x) = -2*x**3 + 31*x**2 + 55*x + 21. Suppose 3*j = -j + 72. Calculate the remainder when d(17) is divided by j.
17
Let t(c) = c - 25. Let v be t(25). Suppose -5*q + 0*q + 3*l + 31 = v, 3*q + 5*l - 39 = 0. Calculate the remainder when 29 is divided by q.
5
Suppose 8*s + 347 = 11. Let i = s - -65. Calculate the remainder when 65 is divided by i.
19
Let s = 24 - 21. Suppose 220 - 28 = s*a. Calculate the remainder when a is divided by 17.
13
Suppose -3*v + 5*o = 636, -90 = -v + 5*o - 292. Let q = -148 - v. What is the remainder when q is divided by 24?
21
Let i(u) = -2*u**3 - 9*u + 2*u**3 - u**3 + 13 + 9*u**2. What is the remainder when 19 is divided by i(8)?
4
Suppose -180 = -4*o - 2*j + 868, 3*o - 4*j = 797. What is the remainder when o is divided by 14?
11
Suppose 60 - 1538 = -5*h + 4*y, -2 = y. Calculate the remainder when h is divided by 11.
8
Suppose -45 + 16 = -o + 5*b, 2*o - 4*b - 46 = 0. Suppose -5*v + 185 = 5*a, 0 = 5*v - 0*a - 4*a - 149. Calculate the remainder when v is divided by o.
14
Let o = -46 - -90. Suppose 5*j - 3*j - o = 0. What is the remainder when j is divided by (-135)/54*(34/(-10) + 1)?
4
Suppose 3*h + h - 72 = 0. Suppose -153*m + 125*m = -196. Calculate the remainder when h is divided by m.
4
Let d = -9 - -10. Suppose 5*p - 24 = d. Suppose -196 = -2*k - 0*k + 4*c, 5*c = -p*k + 535. Calculate the remainder when k is divided by 21.
20
Let m = -186 - -297. Suppose -5*f - m = -2*n - 519, -2*n + 392 = 5*f. Calculate the remainder when f is divided by 21.
17
Let v(c) = c**3 - 9*c**2 + 13*c - 19. Calculate the remainder when 270 is divided by v(8).
18
Suppose -5*n = -3*n - 18. Suppose w = -4*w + 85. What is the remainder when w is divided by n?
8
Let n(z) = -3*z - 2 + 2. Let o(b) = 2*b**2 + 13*b + 25. What is the remainder when o(-9) is divided by n(-6)?
16
Suppose 0 = 3*s + h - 335, 11*s - 5*h + 575 = 16*s. What is the remainder when s is divided by 53?
4
Let l(m) = m**3 + 9*m**2 - 8*m - 14. Calculate the remainder when l(-6) is divided by 24.
22
Suppose 3*x + 5*a - 19 = 0, 2*x + 8*a - 5*a - 12 = 0. Suppose 4*h = -4*k + 4, -5*h + x*k = -8 + 3. Calculate the remainder when 2 is divided by h.
0
What is the remainder when 83 is divided by (10 + 0)*(-8)/80*-5?
3
Let w(y) = 3*y + 1. Let c be 2 + 1 + (1 - 3). Let u be w(c). Suppose -3*o - 2*o + u = -2*d, -3*d + o = -20. Calculate the remainder when 21 is divided by d.
5
Let o = 109 - 95. Calculate the remainder when 32 is divided by o.
4
Let x(d) = -82 + 12*d - 5*d + 48. What is the remainder when 29 is divided by x(7)?
14
Suppose -2*v + 153 = 7*r - 2*r, 4*r = -3*v + 240. What is the remainder when 331 is divided by v?
79
Suppose 24*r = 4*r + 300. What is the remainder when 68 is divided by r?
8
Suppose 2*o - 34 = 3*y - 4, -4*o + 2*y + 76 = 0. Suppose 5*j + k - 151 = 4*k, 4*k + 8 = 0. Let m = j + 11. What is the remainder when m is divided by o?
19
Let n(o) = o**2 - 7*o + 19. Suppose -9 = -6*r + 33. Calculate the remainder when n(r) is divided by 5.
4
Suppose 6*f + 3 + 9 = 0. What is the remainder when (3 + f)*23 + 0 is divided by 13?
10
Suppose -3*j - 2*j + 39 = -2*t, -t = 3*j - 30. Let r(a) = j - a - 2*a - a. Calculate the remainder when r(-8) is divided by 15.
11
Let f(h) = h + 9. Let p be f(-4). Suppose 164 = p*a - 3*m, m 